{"id":209,"date":"2021-01-09T08:40:34","date_gmt":"2021-01-09T08:40:34","guid":{"rendered":"https:\/\/domfleury.ch\/?page_id=209"},"modified":"2021-02-04T17:06:59","modified_gmt":"2021-02-04T17:06:59","slug":"they-called-them-shared-names","status":"publish","type":"page","link":"https:\/\/domfleury.ch\/?page_id=209","title":{"rendered":"They called them shared names"},"content":{"rendered":"<p>[et_pb_section fb_built=&#8221;1&#8243; _builder_version=&#8221;4.7.7&#8243; _module_preset=&#8221;default&#8221;][et_pb_row _builder_version=&#8221;4.7.7&#8243; _module_preset=&#8221;default&#8221;][et_pb_column type=&#8221;4_4&#8243; _builder_version=&#8221;4.7.7&#8243; _module_preset=&#8221;default&#8221;][et_pb_video src=&#8221;https:\/\/domfleury.ch\/wp-content\/uploads\/2021\/01\/Theycallthemtrailermp4.mp4&#8243; _builder_version=&#8221;4.7.7&#8243; _module_preset=&#8221;default&#8221;][\/et_pb_video][\/et_pb_column][\/et_pb_row][\/et_pb_section][et_pb_section fb_built=&#8221;1&#8243; _builder_version=&#8221;4.7.7&#8243; _module_preset=&#8221;default&#8221; custom_padding=&#8221;24px|||||&#8221;][et_pb_row _builder_version=&#8221;4.7.7&#8243; _module_preset=&#8221;default&#8221; custom_padding=&#8221;15px||10px|||&#8221; min_height=&#8221;243px&#8221;][et_pb_column _builder_version=&#8221;4.7.7&#8243; _module_preset=&#8221;default&#8221; type=&#8221;4_4&#8243;][et_pb_text _builder_version=&#8221;4.7.7&#8243; _module_preset=&#8221;default&#8221; hover_enabled=&#8221;0&#8243; sticky_enabled=&#8221;0&#8243; text_font=&#8221;Baskervville||||||||&#8221; text_font_size=&#8221;19px&#8221; min_height=&#8221;211px&#8221;]<\/p>\n<p style=\"text-align: justify;\"><strong>They called them shared names<\/strong><\/p>\n<p style=\"text-align: justify;\">Alexandrie, 17 min, 2011<\/p>\n<p style=\"text-align: justify;\"><span>A Alexandrie, Rolando Monaco tente de sauver la charcuterie industrielle fond\u00e9e par son grand-p\u00e8re. Depuis l\u2019apparition de la grippe porcine, les autorit\u00e9s \u00e9gyptiennes ont d\u00e9cid\u00e9 d\u2019abattre tous les porcs. Pendant ce temps que Sa\u00efd, le charcutier musulman, Miss Anna, une cliente arm\u00e9nienne, et Jacqueline, la vendeuse copte ont une discussion anim\u00e9e, en cette p\u00e9riode de No\u00ebl, Rolando Monaco fume son troisi\u00e8me paquet de cigarettes en jetant un oeil \u00e0 la t\u00e9l\u00e9 de surveillance&#8230;<\/span><\/p>\n<p>[\/et_pb_text][\/et_pb_column][\/et_pb_row][\/et_pb_section][et_pb_section fb_built=&#8221;1&#8243; _builder_version=&#8221;4.7.7&#8243; _module_preset=&#8221;default&#8221;][et_pb_row _builder_version=&#8221;4.7.7&#8243; _module_preset=&#8221;default&#8221;][et_pb_column type=&#8221;4_4&#8243; _builder_version=&#8221;4.7.7&#8243; _module_preset=&#8221;default&#8221;][et_pb_gallery gallery_ids=&#8221;766,768,770,769&#8243; show_title_and_caption=&#8221;off&#8221; show_pagination=&#8221;off&#8221; _builder_version=&#8221;4.7.7&#8243; _module_preset=&#8221;default&#8221;][\/et_pb_gallery][\/et_pb_column][\/et_pb_row][\/et_pb_section]<\/p>\n","protected":false},"excerpt":{"rendered":"<p>[et_pb_section fb_built=&#8221;1&#8243; _builder_version=&#8221;4.7.7&#8243; _module_preset=&#8221;default&#8221;][et_pb_row _builder_version=&#8221;4.7.7&#8243; _module_preset=&#8221;default&#8221;][et_pb_column type=&#8221;4_4&#8243; _builder_version=&#8221;4.7.7&#8243; _module_preset=&#8221;default&#8221;][et_pb_video src=&#8221;https:\/\/domfleury.ch\/wp-content\/uploads\/2021\/01\/Theycallthemtrailermp4.mp4&#8243; _builder_version=&#8221;4.7.7&#8243; _module_preset=&#8221;default&#8221;][\/et_pb_video][\/et_pb_column][\/et_pb_row][\/et_pb_section][et_pb_section fb_built=&#8221;1&#8243; _builder_version=&#8221;4.7.7&#8243; _module_preset=&#8221;default&#8221; custom_padding=&#8221;24px|||||&#8221;][et_pb_row _builder_version=&#8221;4.7.7&#8243; _module_preset=&#8221;default&#8221; custom_padding=&#8221;15px||10px|||&#8221; min_height=&#8221;243px&#8221;][et_pb_column _builder_version=&#8221;4.7.7&#8243; _module_preset=&#8221;default&#8221; type=&#8221;4_4&#8243;][et_pb_text _builder_version=&#8221;4.7.7&#8243; _module_preset=&#8221;default&#8221; hover_enabled=&#8221;0&#8243; sticky_enabled=&#8221;0&#8243; text_font=&#8221;Baskervville||||||||&#8221; text_font_size=&#8221;19px&#8221; min_height=&#8221;211px&#8221;] They called them shared names Alexandrie, 17 min, 2011 A Alexandrie, Rolando Monaco tente de sauver la charcuterie industrielle fond\u00e9e par son grand-p\u00e8re. Depuis l\u2019apparition [&hellip;]<\/p>\n","protected":false},"author":1,"featured_media":0,"parent":0,"menu_order":0,"comment_status":"closed","ping_status":"closed","template":"","meta":{"_et_pb_use_builder":"on","_et_pb_old_content":"","_et_gb_content_width":"","footnotes":""},"class_list":["post-209","page","type-page","status-publish","hentry"],"_links":{"self":[{"href":"https:\/\/domfleury.ch\/index.php?rest_route=\/wp\/v2\/pages\/209","targetHints":{"allow":["GET"]}}],"collection":[{"href":"https:\/\/domfleury.ch\/index.php?rest_route=\/wp\/v2\/pages"}],"about":[{"href":"https:\/\/domfleury.ch\/index.php?rest_route=\/wp\/v2\/types\/page"}],"author":[{"embeddable":true,"href":"https:\/\/domfleury.ch\/index.php?rest_route=\/wp\/v2\/users\/1"}],"replies":[{"embeddable":true,"href":"https:\/\/domfleury.ch\/index.php?rest_route=%2Fwp%2Fv2%2Fcomments&post=209"}],"version-history":[{"count":7,"href":"https:\/\/domfleury.ch\/index.php?rest_route=\/wp\/v2\/pages\/209\/revisions"}],"predecessor-version":[{"id":776,"href":"https:\/\/domfleury.ch\/index.php?rest_route=\/wp\/v2\/pages\/209\/revisions\/776"}],"wp:attachment":[{"href":"https:\/\/domfleury.ch\/index.php?rest_route=%2Fwp%2Fv2%2Fmedia&parent=209"}],"curies":[{"name":"wp","href":"https:\/\/api.w.org\/{rel}","templated":true}]}}